9*h - 518. Give w(-3).
7
Let n(c) = -9*c**2 + 51*c - 412. Calculate n(11).
-940
Let z(m) = -133*m - 28781. Calculate z(-230).
1809
Let g(n) = n**2 + 298*n - 127531. Determine g(238).
37
Let u(n) = 4*n**2 + 3504*n + 605776. Give u(-237).
4
Let n(t) = -6*t**3 + 303*t**2 - 41*t - 467. What is n(50)?
4983
Let o(u) = 15*u**3 - 8678*u**2 - 8691*u - 13. Give o(-1).
-15
Let f(n) = 10202*n - 132615. Determine f(13).
11
Let z(q) = -q**3 - 15*q**2 + 168*q - 18. What is z(-24)?
1134
Let w(y) = -y**2 + 199*y + 11260. What is w(-46)?
-10
Let a(c) = -c**2 + 85483*c - 1538372. What is a(18)?
-2
Let c(x) = x**3 + 13*x**2 + 49*x + 902. Calculate c(-14).
20
Let n(q) = 1348*q - 33699. Determine n(25).
1
Let w(z) = -2*z**3 - 72*z**2 - 263*z - 223. What is w(-32)?
1
Let z(k) = k**3 - 373*k**2 + 4329*k + 4. What is z(12)?
-32
Let j(x) = 4*x**3 + 86*x + 438. What is j(-5)?
-492
Let j(b) = -268*b**2 - 104*b - 105. Give j(-1).
-269
Let b(r) = 7*r**3 - 38*r**2 + 35*r - 132. Determine b(8).
1300
Let u(i) = 690*i - 27325. Calculate u(34).
-3865
Let g(f) = -2*f**3 + 119*f**2 - 612*f + 48. What is g(54)?
-924
Let y(n) = -2*n**2 - 148*n - 653. Give y(-69).
37
Let s(k) = -k**2 - 2253*k - 84123. Calculate s(-38).
47
Let l(t) = -3*t**2 - 54*t + 9191. What is l(-65)?
26
Let p(l) = 880*l**2 - 3559*l + 110. Determine p(4).
-46
Let c(h) = -44341*h + 16716563. Give c(377).
6
Let w(l) = -322*l**2 - 3550*l - 22. What is w(-11)?
66
Let v(w) = 3*w**2 - 152*w + 1392. Determine v(12).
0
Let a(i) = -833*i + 92517. Determine a(110).
887
Let u(o) = -65*o + 441. What is u(12)?
-339
Let l(a) = -5*a**3 - 357*a**2 + 2745*a - 19. Give l(7).
-12
Let t(k) = 21*k**2 + 8974*k + 115923. Calculate t(-414).
3
Let l(c) = 132*c**2 + 119*c - 11. Calculate l(-1).
2
Let j(y) = 2*y**2 + 269*y - 4394. Calculate j(-149).
-73
Let x(s) = -3*s**2 - 235*s + 4715. Give x(-94).
297
Let s(l) = 1441*l**2 - 60524*l + 37. Give s(42).
-47
Let u(c) = 10132*c + 132125. Give u(-13).
409
Let v(b) = -1567*b - 67437. What is v(-43)?
-56
Let o(g) = g**2 + 190*g + 13746. Determine o(-65).
5621
Let x(u) = -13506*u + 486193. What is x(36)?
-23
Let y(a) = -a**3 + 15*a**2 - 312*a + 2165. What is y(8)?
117
Let f(r) = 2*r**3 - 37*r**2 - 195*r - 136. What is f(21)?
-2026
Let j(u) = -24121*u - 361818. What is j(-15)?
-3
Let i(l) = 6330*l + 2740890. Give i(-433).
0
Let w(j) = -j**3 - 15*j**2 + 59*j - 460. Give w(-20).
360
Let q(i) = 122790*i + 34872363. Give q(-284).
3
Let v(q) = -22*q**2 - 222*q - 1397. What is v(-8)?
-1029
Let c(p) = -1946*p - 609068. Determine c(-313).
30
Let p(u) = 2*u**3 + 104*u**2 + 397*u + 678. Calculate p(-48).
54
Let s(w) = -w**3 - 101*w**2 + 117*w + 1472. What is s(-102)?
-58
Let a(y) = 3*y**2 - 360*y - 36344. Determine a(186).
484
Let r(s) = -54*s**3 - 7064*s**2 + 1304*s - 753. Give r(-131).
33
Let c(z) = 29*z**2 + 5201*z + 41385. What is c(-171)?
3
Let w(y) = -y**2 + 15924*y - 127342. Give w(8).
-14
Let o(w) = 186*w + 75329. Determine o(-405).
-1
Let n(i) = 608297*i - 7907844. Determine n(13).
17
Let t(o) = 3*o**2 - 11864*o - 11. What is t(0)?
-11
Let a(u) = -u**2 - 35*u + 50. What is a(7)?
-244
Let x(h) = 2*h**3 - 174*h**2 - 124*h + 466. Calculate x(-2).
2
Let t(c) = 406181*c - 2843249. Give t(7).
18
Let a(v) = -26*v + 1180. Calculate a(9).
946
Let x(i) = -21*i**3 - 229*i**2 + 42*i + 435. Calculate x(-11).
215
Let j(v) = -3*v**2 - 1405*v + 64096. Give j(42).
-206
Let l(u) = 46462*u + 1765583. What is l(-38)?
27
Let x(c) = 78*c**2 + 1311*c + 263. Determine x(-16).
-745
Let m(q) = -184*q - 11672. Determine m(-63).
-80
Let v(l) = -35*l**2 + 402*l - 31. What is v(-2)?
-975
Let b(c) = 2190*c**2 - 30664*c + 29. Give b(14).
-27
Let g(k) = -67*k**2 + 532*k - 431. Determine g(7).
10
Let r(k) = -1781*k - 336625. What is r(-189)?
-16
Let p(i) = 194*i - 35306. Determine p(182).
2
Let b(z) = 9*z**2 - 391*z - 4552. Calculate b(52).
-548
Let j(q) = q**3 - 1031*q**2 + 164*q - 169161. Calculate j(1031).
-77
Let u(p) = -p**3 - 260*p**2 - 5032*p - 279. What is u(-21)?
-6
Let h(n) = 44*n**2 - 1707*n + 2915. What is h(37)?
-8
Let u(r) = r**3 + 96*r**2 - 1804*r + 255. Calculate u(16).
63
Let q(h) = -119*h - 1136. Calculate q(-7).
-303
Let m(a) = -29170*a + 233375. Determine m(8).
15
Let o(v) = v**3 + 84*v**2 + 186*v - 9585. Calculate o(-13).
-4
Let s(m) = -368*m + 3433. What is s(9)?
121
Let d(c) = 14512*c + 43536. Calculate d(-3).
0
Let y(x) = -2*x**3 - 61*x**2 + 76*x + 1425. Calculate y(-31).
30
Let j(x) = 28*x**2 + 3171*x - 3170. Calculate j(1).
29
Let c(b) = -29*b**2 + 317*b - 752. Calculate c(14).
-1998
Let m(i) = -i**3 + 342*i**2 - 4277*i - 15. Determine m(329).
-15
Let a(o) = 434*o**2 + 4362*o + 7129. What is a(-8)?
9
Let c(i) = 665*i**2 - 51867*i - 134. Give c(78).
100
Let s(k) = 4*k**3 - 626*k**2 - 252*k - 9740. What is s(157)?
-6
Let h(b) = -59225*b - 533077. What is h(-9)?
-52
Let u(q) = 96*q**2 - 13044*q - 1629. What is u(136)?
3
Let v(o) = 9*o**2 - 1504*o - 47147. What is v(-27)?
22
Let u(v) = -v**3 + 33*v**2 - 855*v + 34656. What is u(36)?
-12
Let j(a) = 187*a - 14423. Calculate j(76).
-211
Let q(t) = 1725*t - 10390. Determine q(6).
-40
Let i(z) = -z**3 - 758*z**2 + 2902*z - 111253. What is i(-762)?
-1
Let g(j) = -j**2 + 52*j + 50400. What is g(-200)?
0
Let f(c) = -2*c**3 - 50*c**2 + 3917*c + 106867. Calculate f(-29).
2
Let u(m) = 2*m**3 + 73*m**2 - 176*m + 714. Calculate u(-39).
-27
Let g(w) = 61*w**3 + 63*w**2 + 19*w + 3. Calculate g(-2).
-271
Let s(z) = 2*z**3 + 60*z**2 - 3252*z - 226. Determine s(-58).
6
Let w(r) = -360*r + 10420. Give w(29).
-20
Let t(k) = 1387825*k + 2775680. What is t(-2)?
30
Let l(f) = -f**3 + 112*f**2 + 79*f - 8859. Determine l(112).
-11
Let c(z) = -z**2 + 167*z + 870. What is c(174)?
-348
Let r(z) = 3*z**3 - 50*z**2 + 129*z - 226. Calculate r(14).
12
Let t(x) = -8*x**2 + 49*x - 98. What is t(3)?
-23
Let h(x) = 3734*x + 369. Give h(0).
369
Let v(m) = -m**2 - 617*m - 4894. Give v(-8).
-22
Let z(u) = u**3 + 89*u**2 + 1939*u + 535. Calculate z(-48).
1927
Let t(n) = n**3 + 277*n**2 - 599*n - 11706. Calculate t(-279).
-267
Let k(p) = -65*p**3 + 52*p**2 + 10*p - 12. Calculate k(1).
-15
Let a(i) = -5*i**2 - 413*i + 8927. Calculate a(-100).
227
Let m(v) = 233335*v + 4. Give m(0).
4
Let m(t) = 3*t**3 + 150*t**2 + 1109*t + 220. Determine m(-41).
138
Let g(f) = f**2 - 52*f + 708. Give g(31).
57
Let g(t) = 5*t**3 + 113*t**2 - 606*t - 140. What is g(-27)?
184
Let u(n) = 24*n**3 - 2616*n**2 + 13*n - 1412. What is u(109)?
5
Let i(x) = 48*x**2 + 6659*x - 1813. Determine i(-139).
-6
Let b(h) = -2*h**3 - 11*h**2 + 31*h + 21. Calculate b(-7).
-49
Let v(j) = -3571*j**3 - 17*j**2 + 24*j - 6. Determine v(1).
-3570
Let n(g) = -47368*g - 2463138. What is n(-52)?
-2
Let m(w) = -w**3 - 3*w**2 - 1515*w + 4556. Give m(3).
-43
Let r(g) = g**3 + 50*g**2 - 546*g + 17207. Determine r(-63).
8
Let d(s) = 2082*s - 578796. What is d(278)?
0
Let q(j) = 3646*j**2 - 3677*j + 13. What is q(1)?
-18
Let c(h) = -49340*h - 2072281. Calculate c(-42).
-1
Let x(c) = -2*c**2 - 461*c + 38859. What is x(65)?
444
Let a(y) = y**3 - 7*y**2 - 69*y + 468. Calculate a(13).
585
Let d(k) = 3*k**3 - 101*k**2 - 362*k + 20. What is d(37)?
316
Let r(n) = -12350*n - 86391. Give r(-7).
59
Let b(x) = 4*x**3 + 279*x**2 - 44*x + 1839. Calculate b(-70).
19
Let q(z) = z**3 + 98*z**2 + 566*z + 9384. What is q(-93)?
-9
Let i(a) = a**2 + 10988*a + 65806. Determine i(-6).
-86
Let w(g) = -378*g + 4520. Give w(12).
-16
Let t(s) = -2*s**3 + 14*s**2 - 3*s + 55. Calculate t(13).
-2012
Let i(f) = 239279*f + 2392748. Give i(-10).
-42
Let y(n) = -4*n**2 - 457*n - 604. Determine y(-113).
-39
Let s(f) = -81366*f + 5044689. What is s(62)?
-3
Let g(j) = -16*j - 1986. What is g(-53)?
-1138
Let u(l) = l**2 + 350*l - 11310. Give u(33).
1329
Let t(f) = 41*f**2 + 198*f - 3727. Calculate t(13).
5776
Let q(z) = 48*z**2 + 12*z + 22. Calculate q(-2).
190
Let o(r) = 4730*r + 51980. Determine o(-11).
-50
Let l(k) = -270*k - 1311. What is l(-4)?
-231
Let y(t) = -t**3 - 438*t**2 + 896*t + 6925. Calculate y(-440).
-115
Let s(k) = k**3 + 38699*k - 77399. Give s(2).
7
Let y(n) = n**2 - 91407*n - 639906. What is y(-7)?
-8
Let p(g) = 927*g + 57479. What is p(-62)?
5
Let s(q) = -2*q**2 + 4342*q + 8708. Give s(-2).
16
Let h(v) = -26*v**2 + 4177*v + 23149. Give h(166).
75
Let d(a) = -a**3 +